tors of 5385639830.
2, 5, 797, 675739
What are the prime factors of 1084206634?
2, 7, 37, 103, 2903
List the prime factors of 107144697.
3, 11, 89, 191
What are the prime factors of 75385078?
2, 307, 122777
What are the prime factors of 132920010?
2, 3, 5, 19, 77731
List the prime factors of 2136299633.
13, 2213, 74257
List the prime factors of 99472823.
67, 137, 10837
What are the prime factors of 1462264149?
3, 19, 43, 596599
List the prime factors of 1008037783.
1008037783
List the prime factors of 4238143610.
2, 5, 19, 31, 37871
What are the prime factors of 212453275?
5, 29, 181, 1619
List the prime factors of 533280099.
3, 11, 79, 204557
List the prime factors of 90099949.
17, 5299997
List the prime factors of 684641482.
2, 7, 48902963
List the prime factors of 64351523.
61, 131, 8053
What are the prime factors of 82219418?
2, 2861, 14369
List the prime factors of 3653728.
2, 13, 8783
What are the prime factors of 1563927468?
2, 3, 19, 199, 34469
List the prime factors of 28986277.
67, 432631
List the prime factors of 66499258.
2, 7, 1249, 3803
List the prime factors of 642857096.
2, 7, 19, 604189
List the prime factors of 1270109540.
2, 5, 7, 199, 45589
List the prime factors of 63930763.
13, 19, 47, 5507
List the prime factors of 421359183.
3, 7, 29, 47, 701
List the prime factors of 36520098.
2, 3, 389, 15647
List the prime factors of 39308945.
5, 13, 604753
List the prime factors of 2579795.
5, 23, 22433
List the prime factors of 36487515.
3, 5, 2432501
What are the prime factors of 893349625?
5, 7, 157, 929
List the prime factors of 405602618.
2, 733, 276673
List the prime factors of 60403597.
4177, 14461
What are the prime factors of 258293426?
2, 31, 4166023
List the prime factors of 16126154.
2, 11, 37, 1801
List the prime factors of 142175280.
2, 3, 5, 13, 45569
What are the prime factors of 48200857?
48200857
List the prime factors of 250407793.
250407793
What are the prime factors of 149427506?
2, 74713753
What are the prime factors of 1724885261?
11, 107, 1465493
What are the prime factors of 153001887?
3, 17, 113, 139, 191
List the prime factors of 2358517536.
2, 3, 8189297
List the prime factors of 172776775.
5, 199, 34729
What are the prime factors of 125039863?
13, 9618451
List the prime factors of 6270796008.
2, 3, 29031463
List the prime factors of 825962904.
2, 3, 13, 882439
List the prime factors of 139676514.
2, 3, 31, 211, 3559
List the prime factors of 45548109.
3, 1686967
What are the prime factors of 100834184?
2, 11, 1145843
List the prime factors of 802520495.
5, 7, 22929157
List the prime factors of 725116508.
2, 13451, 13477
List the prime factors of 348236047.
19, 4157, 4409
What are the prime factors of 55526047?
71, 782057
What are the prime factors of 560469243?
3, 17, 31, 71, 4993
What are the prime factors of 672293287?
53, 1063, 11933
List the prime factors of 2688512.
2, 59, 89
List the prime factors of 34764846.
2, 3, 137, 42293
List the prime factors of 44452004.
2, 173, 64237
List the prime factors of 3283645419.
3, 83, 1465259
What are the prime factors of 1623833934?
2, 3, 103, 2627563
List the prime factors of 52908101.
83, 637447
What are the prime factors of 51519414?
2, 3, 907, 9467
List the prime factors of 498138419.
498138419
List the prime factors of 478904210.
2, 5, 47890421
What are the prime factors of 639734643?
3, 619, 114833
List the prime factors of 109767848.
2, 59, 313, 743
What are the prime factors of 739475097?
3, 246491699
What are the prime factors of 28038250?
2, 5, 112153
List the prime factors of 127547798.
2, 7, 19, 25237
What are the prime factors of 131440935?
3, 5, 67, 130787
List the prime factors of 479630123.
7, 68518589
What are the prime factors of 56474169?
3, 2999, 6277
List the prime factors of 636053056.
2, 29, 97, 3533
What are the prime factors of 411522528?
2, 3, 29, 53, 2789
What are the prime factors of 251882113?
7, 947, 37997
List the prime factors of 32541369.
3, 7, 887, 1747
List the prime factors of 142674403.
29, 137, 35911
List the prime factors of 162866394.
2, 3, 293, 30881
List the prime factors of 33426703.
109, 449, 683
What are the prime factors of 2008817010?
2, 3, 5, 23, 107827
List the prime factors of 4668252013.
4668252013
List the prime factors of 82254301.
82254301
List the prime factors of 1031853604.
2, 47, 1483, 3701
What are the prime factors of 27572401?
19, 1451179
What are the prime factors of 80700299?
80700299
List the prime factors of 203228509.
11, 59, 487, 643
List the prime factors of 195651132.
2, 3, 19, 317, 2707
List the prime factors of 584839981.
11, 5869, 9059
List the prime factors of 22241437.
23, 967019
What are the prime factors of 3450207028?
2, 1409, 612173
What are the prime factors of 39660130?
2, 5, 137, 28949
What are the prime factors of 1171173987?
3, 37, 193, 18223
What are the prime factors of 206067366?
2, 3, 1453, 7879
List the prime factors of 37842885.
3, 5, 173, 4861
What are the prime factors of 15620693?
11, 1420063
What are the prime factors of 40080454?
2, 20040227
List the prime factors of 52779815.
5, 11, 17, 19, 2971
What are the prime factors of 441606120?
2, 3, 5, 107, 163, 211
What are the prime factors of 313003802?
2, 131, 1194671
List the prime factors of 6001763774.
2, 20441, 146807
List the prime factors of 644328088.
2, 4547, 17713
What are the prime factors of 238512874?
2, 47, 193, 13147
List the prime factors of 83568071.
2311, 36161
What are the prime factors of 57258523?
7, 23, 355643
What are the prime factors of 52743137?
67, 443, 1777
List the prime factors of 743637190.
2, 5, 1873, 39703
What are the prime factors of 1251538677?
3, 4211, 33023
What are the prime factors of 172422260?
2, 5, 23, 43, 379
List the prime factors of 298836550.
2, 5, 151, 39581
List the prime factors of 94973416.
2, 103, 115259
List the prime factors of 99455892.
2, 3, 8287991
What are the prime factors of 2255081208?
2, 3, 93961717
What are the prime factors of 1157440384?
2, 9042503
What are the prime factors of 38888635?
5, 7777727
What are the prime factors of 73023601?
7, 103, 101281
What are the prime factors of 206084716?
2, 19, 137, 19793
List the prime factors of 494595330.
2, 3, 5, 1483, 11117
List the prime factors of 85018335.
3, 5, 1607, 3527
List the prime factors of 3126773.
13, 19, 12659
List the prime factors of 9160345.
5, 31, 113, 523
List the prime factors of 100681274.
2, 157, 311, 1031
What are the prime factors of 5031850?
2, 5, 157, 641
List the prime factors of 81375185.
5, 67, 242911
List the prime factors of 79073147.
1061, 74527
List the prime factors of 111118436.
2, 11, 13, 194263
List the prime factors of 153431647.
17, 9025391
What are the prime factors of 130907700?
2, 3, 5, 7, 11, 1889
What are the prime factors of 219394004?
2, 379, 144719
List the prime factors of 230245672.
2, 37, 777857
List the prime factors of 1828525642.
2, 914262821
List the prime factors of 154560856.
2, 73, 264659
What are the prime factors of 65908912?
2, 4119307
What are the prime factors of 4580249519?
60623, 75553
List the prime factors of 2714587627.
19, 23, 6211871
What are the prime factors of 16673160?
2, 3, 5, 7, 23, 863
List the prime factors of 123556589.
13, 9504353
List the prime factors of 1234716.
2, 3, 7, 14699
List the prime factors of 6096693998.
2, 263, 44071
List the prime factors of 245459869.
4817, 50957
What are the prime factors of 48107839?
13, 29, 127607
What are the prime factors of 72791566?
2, 29, 149, 8423
List the prime factors of 29058270.
2, 3, 5, 17, 227, 251
What are the prime factors of 913338427?
41, 22276547
List the prime factors of 44833977.
3, 19, 262187
What are the prime factors of 307073319?
3, 7, 113, 129403
What are the prime factors of 1971722?
2, 43, 101, 227
What are the prime factors of 199848668?
2, 17, 2938951
List the prime factors of 1090951761.
3, 17, 21391211
What are the prime factors of 20909332?
2, 5227333
What are the prime factors of 628804651?
29, 31, 699449
What are the prime factors of 296222096?
2, 18513881
List the prime factors of 3621382007.
17, 19, 47, 238547
What are the prime factors of 404016065?
5, 80803213
List the prime factors of 630195940.
2, 5, 11, 2864527
What are the prime factors of 5346985?
5, 7, 227,